{"id":196,"date":"2025-08-28T18:16:53","date_gmt":"2025-08-28T16:16:53","guid":{"rendered":"https:\/\/kapsello.pl\/?page_id=196"},"modified":"2026-02-04T13:57:16","modified_gmt":"2026-02-04T12:57:16","slug":"ueber-uns","status":"publish","type":"page","link":"https:\/\/agp.cool\/?page_id=196","title":{"rendered":"\u00dcber uns"},"content":{"rendered":"\t\t<div data-elementor-type=\"wp-page\" data-elementor-id=\"196\" class=\"elementor elementor-196\" data-elementor-post-type=\"page\">\n\t\t\t\t<div class=\"elementor-element elementor-element-23516691 e-flex e-con-boxed e-con e-parent\" data-id=\"23516691\" data-element_type=\"container\" data-e-type=\"container\" data-settings=\"{&quot;background_background&quot;:&quot;classic&quot;,&quot;background_motion_fx_motion_fx_scrolling&quot;:&quot;yes&quot;,&quot;background_motion_fx_scale_effect&quot;:&quot;yes&quot;,&quot;background_motion_fx_scale_direction&quot;:&quot;out-in&quot;,&quot;background_motion_fx_scale_speed&quot;:{&quot;unit&quot;:&quot;px&quot;,&quot;size&quot;:4,&quot;sizes&quot;:[]},&quot;background_motion_fx_scale_range&quot;:{&quot;unit&quot;:&quot;%&quot;,&quot;size&quot;:&quot;&quot;,&quot;sizes&quot;:{&quot;start&quot;:20,&quot;end&quot;:80}},&quot;background_motion_fx_devices&quot;:[&quot;desktop&quot;,&quot;tablet&quot;,&quot;mobile&quot;]}\">\n\t\t\t\t\t<div class=\"e-con-inner\">\n\t\t<div class=\"elementor-element elementor-element-434535 e-con-full e-flex e-con e-child\" data-id=\"434535\" data-element_type=\"container\" data-e-type=\"container\">\n\t\t\t\t<div class=\"elementor-element elementor-element-1a5d1642 text-center elementor-widget elementor-widget-tp-heading-title\" data-id=\"1a5d1642\" data-element_type=\"widget\" data-e-type=\"widget\" data-widget_type=\"tp-heading-title.default\">\n\t\t\t\t\t<div class=\"heading heading_style heading_style69d97a263c6eb style-1 \"  data-tp-gsap-heading-text=\"\" data-tp-gsap-sub-heading-text=\"\"><div class=\"sub-style\" ><div class=\"head-title \" > <h2  class=\"heading-title   \"  data-hover=\"\u00dcber uns\">\u00dcber uns<span class=\"title-s \">  <\/span><\/h2><\/div><\/div><\/div>\t\t\t\t<\/div>\n\t\t\t\t<\/div>\n\t\t\t\t\t<\/div>\n\t\t\t\t<\/div>\n\t\t<div class=\"elementor-element elementor-element-4311561f e-con-full e-flex e-con e-parent\" data-id=\"4311561f\" data-element_type=\"container\" data-e-type=\"container\">\n\t\t<div class=\"elementor-element elementor-element-274af3ec e-con-full e-flex elementor-invisible e-con e-child\" data-id=\"274af3ec\" data-element_type=\"container\" data-e-type=\"container\" data-settings=\"{&quot;background_background&quot;:&quot;classic&quot;,&quot;animation&quot;:&quot;fadeInLeft&quot;,&quot;animation_delay&quot;:100}\">\n\t\t\t\t<div class=\"elementor-element elementor-element-2c2059d0 elementor-widget elementor-widget-spacer\" data-id=\"2c2059d0\" data-element_type=\"widget\" data-e-type=\"widget\" data-widget_type=\"spacer.default\">\n\t\t\t\t\t\t\t<div class=\"elementor-spacer\">\n\t\t\t<div class=\"elementor-spacer-inner\"><\/div>\n\t\t<\/div>\n\t\t\t\t\t\t<\/div>\n\t\t\t\t<\/div>\n\t\t<div class=\"elementor-element elementor-element-43a903d4 e-con-full e-flex elementor-invisible e-con e-child\" data-id=\"43a903d4\" data-element_type=\"container\" data-e-type=\"container\" data-settings=\"{&quot;animation&quot;:&quot;fadeInRight&quot;}\">\n\t\t\t\t<div class=\"elementor-element elementor-element-4b51d5fd text-left elementor-widget elementor-widget-tp-heading-title\" data-id=\"4b51d5fd\" data-element_type=\"widget\" data-e-type=\"widget\" data-widget_type=\"tp-heading-title.default\">\n\t\t\t\t\t<div class=\"heading heading_style heading_style69d97a263d645 style-1 \"  data-tp-gsap-heading-text=\"\" data-tp-gsap-sub-heading-text=\"\"><div class=\"sub-style\" ><div class=\"head-title \" > <h2  class=\"heading-title   \"  data-hover=\"Die K\u00fchlzellenexperten bei denen technisches Know-How auf Kundenn\u00e4he trifft\">Die K\u00fchlzellenexperten bei denen technisches Know-How auf Kundenn\u00e4he trifft<span class=\"title-s \">  <\/span><\/h2><\/div><\/div><\/div>\t\t\t\t<\/div>\n\t\t\t\t<div class=\"elementor-element elementor-element-7d7d7a17 elementor-widget elementor-widget-tp-adv-text-block\" data-id=\"7d7d7a17\" data-element_type=\"widget\" data-e-type=\"widget\" data-widget_type=\"tp-adv-text-block.default\">\n\t\t\t\t\t<div class=\"pt-plus-text-block-wrapper\" data-tp-gsap-textblock=\"\" ><div class=\"text_block_parallax\"><div class=\"pt_plus_adv_text_block \" ><div class=\"text-content-block\"><p style=\"font-weight: 400\">Mit \u00fcber 20 Jahren Erfahrung in K\u00fchlzellenbau und K\u00e4ltetechnik bringt das Team der AGP-Cool.Ing enorm viel technisches Know-How, Erfahrung und Kundenn\u00e4he mit. Von der ersten Kontaktaufnahme bis zur Abnahme stehen N\u00e4he und Vertrauen im Mittelpunkt. \u201cHandschlag\u00adqualit\u00e4t\u201d wird bei uns gro\u00dfgeschrieben. Langfristige Partnerschaften durch bedarfsorientierte Beratung, maximale Transparenz und verl\u00e4ssliche Entscheidungsgrundlagen sind unser Rezept f\u00fcr erfolgreiche Projekte.<\/p><p style=\"font-weight: 400\">Kundenfokus, hoher Qualit\u00e4tsanspruch in Verbindung mit einem breiten und gepr\u00fcften Lieferantenportfolio erlauben es uns die besten L\u00f6sungen je nach Budget f\u00fcr unsere Kunden zu erarbeiten. Von der K\u00fchlzelle, K\u00e4lteaggregaten \u00fcber Klimaanlagen bis zu Sonderl\u00f6sungen im Reinraum- und Labortechnikbereich, planen wir die einfachen bis hin zu den au\u00dfergew\u00f6hnlichen Projekte mit Ihnen und setzen Sie in die Realit\u00e4t um.<\/p><p style=\"font-weight: 400\">Die N\u00e4he zu unseren Lieferanten erlaubt es uns auch Spezialentwicklungen f\u00fcr unsere Kunden voranzutreiben und so innovative L\u00f6sungen f\u00fcr Ihren Alltag zu entwickeln.<\/p><p style=\"font-weight: 400\">Mit zwei Standorten, in Wien und in Budapest, stellen wir nicht nur mehrsprachige Beratung sondern auch ein erweitertes Netzwerk an Lieferanten und Fachkr\u00e4ften bereit. So bieten wir speziell im Osten \u00d6sterreichs (Wien, Nieder\u00f6sterreich, Burgenland) und ganz Ungarn eine kurze und preislich attraktive Reaktionszeit.<\/p><p style=\"font-weight: 400\">Gerne k\u00f6nnen Sie sich pers\u00f6nlich ein Bild von uns machen. Kontaktieren Sie uns einfach unter +43 664 421 5444 oder schreiben Sie uns eine Nachricht unter <a href=\"mailto:office@agp-cooling.at\">office@agp-cooling.at<\/a>.<\/p><\/div><\/div><\/div><\/div>\t\t\t\t<\/div>\n\t\t<div class=\"elementor-element elementor-element-0b8258a e-con-full e-flex e-con e-child\" data-id=\"0b8258a\" data-element_type=\"container\" data-e-type=\"container\">\n\t\t<div class=\"elementor-element elementor-element-79f45aa e-con-full e-flex e-con e-child\" data-id=\"79f45aa\" data-element_type=\"container\" data-e-type=\"container\">\n\t\t\t\t<div class=\"elementor-element elementor-element-1414fef elementor-widget elementor-widget-spacer\" data-id=\"1414fef\" data-element_type=\"widget\" data-e-type=\"widget\" data-widget_type=\"spacer.default\">\n\t\t\t\t\t\t\t<div class=\"elementor-spacer\">\n\t\t\t<div class=\"elementor-spacer-inner\"><\/div>\n\t\t<\/div>\n\t\t\t\t\t\t<\/div>\n\t\t\t\t<div class=\"elementor-element elementor-element-07f5e99 elementor-widget elementor-widget-heading\" data-id=\"07f5e99\" data-element_type=\"widget\" data-e-type=\"widget\" data-widget_type=\"heading.default\">\n\t\t\t\t\t<h1 class=\"elementor-heading-title elementor-size-default\">Ihre K\u00fchlanlage macht Probleme? <\/h1>\t\t\t\t<\/div>\n\t\t\t\t<div class=\"elementor-element elementor-element-6bf25eb elementor-widget elementor-widget-spacer\" data-id=\"6bf25eb\" data-element_type=\"widget\" data-e-type=\"widget\" data-widget_type=\"spacer.default\">\n\t\t\t\t\t\t\t<div class=\"elementor-spacer\">\n\t\t\t<div class=\"elementor-spacer-inner\"><\/div>\n\t\t<\/div>\n\t\t\t\t\t\t<\/div>\n\t\t\t\t<div class=\"elementor-element elementor-element-b1f4cdd elementor-widget elementor-widget-heading\" data-id=\"b1f4cdd\" data-element_type=\"widget\" data-e-type=\"widget\" data-widget_type=\"heading.default\">\n\t\t\t\t\t<h1 class=\"elementor-heading-title elementor-size-default\">Rufen Sie uns an \u2013 wir helfen schnell und unkompliziert.<\/h1>\t\t\t\t<\/div>\n\t\t\t\t<\/div>\n\t\t<div class=\"elementor-element elementor-element-a84e7e8 e-con-full e-flex e-con e-child\" data-id=\"a84e7e8\" data-element_type=\"container\" data-e-type=\"container\">\n\t\t<div class=\"elementor-element elementor-element-0b249fb e-con-full e-flex e-con e-child\" data-id=\"0b249fb\" data-element_type=\"container\" data-e-type=\"container\" data-settings=\"{&quot;background_background&quot;:&quot;classic&quot;,&quot;sticky&quot;:&quot;top&quot;,&quot;sticky_offset&quot;:30,&quot;sticky_parent&quot;:&quot;yes&quot;,&quot;sticky_on&quot;:[&quot;desktop&quot;,&quot;tablet&quot;,&quot;mobile&quot;],&quot;sticky_effects_offset&quot;:0,&quot;sticky_anchor_link_offset&quot;:0}\">\n\t\t\t\t<div class=\"elementor-element elementor-element-261b0f2 elementor-widget__width-initial elementor-widget elementor-widget-tp-info-box\" data-id=\"261b0f2\" data-element_type=\"widget\" data-e-type=\"widget\" data-widget_type=\"tp-info-box.default\">\n\t\t\t\t\t<div id=\"info_box69d9525a99609\" class=\"pt_plus_info_box  info_box69d9525a99609 info-box-style_3     \"  data-id=\"info_box69d9525a99609\" ><div class=\"post-inner-loop \"><div class=\"info-box-inner content_hover_effect \"><div class=\"info-box-bg-box  \"><div class=\" info-box-content \"><div class=\"service-center\"><div class=\"info-icon-content\"><div class=\"service-icon-wrap\"><span class=\" service-icon  icon-rounded\"><svg aria-hidden=\"true\" class=\"e-font-icon-svg e-fas-phone-alt\" viewBox=\"0 0 512 512\" xmlns=\"http:\/\/www.w3.org\/2000\/svg\"><path d=\"M497.39 361.8l-112-48a24 24 0 0 0-28 6.9l-49.6 60.6A370.66 370.66 0 0 1 130.6 204.11l60.6-49.6a23.94 23.94 0 0 0 6.9-28l-48-112A24.16 24.16 0 0 0 122.6.61l-104 24A24 24 0 0 0 0 48c0 256.5 207.9 464 464 464a24 24 0 0 0 23.4-18.6l24-104a24.29 24.29 0 0 0-14.01-27.6z\"><\/path><\/svg><\/span><\/div><\/div><a  ><h4 class=\"service-title \"> Kontaktieren Sie uns <\/h4><\/a><\/div><\/div><div class=\"infobox-overlay-color\"><\/div><\/div><\/div><\/div><\/div>\t\t\t\t<\/div>\n\t\t\t\t<div class=\"elementor-element elementor-element-facc5f4 elementor-widget elementor-widget-spacer\" data-id=\"facc5f4\" data-element_type=\"widget\" data-e-type=\"widget\" data-widget_type=\"spacer.default\">\n\t\t\t\t\t\t\t<div class=\"elementor-spacer\">\n\t\t\t<div class=\"elementor-spacer-inner\"><\/div>\n\t\t<\/div>\n\t\t\t\t\t\t<\/div>\n\t\t\t\t<div class=\"elementor-element elementor-element-3b24ce8 text-left elementor-widget elementor-widget-tp-heading-title\" data-id=\"3b24ce8\" data-element_type=\"widget\" data-e-type=\"widget\" data-widget_type=\"tp-heading-title.default\">\n\t\t\t\t\t<div class=\"heading heading_style heading_style69d97a263e2ce style-1 \"  data-tp-gsap-heading-text=\"\" data-tp-gsap-sub-heading-text=\"\"><div class=\"sub-style\" ><div class=\"head-title \" > <p  class=\"heading-title   \"  data-hover=\"Wir beraten Sie gerne\">Wir beraten Sie gerne<span class=\"title-s \">  <\/span><\/p><\/div><div class=\"sub-heading\"><h5 class=\"heading-sub-title  \"> (+43) 664 4215 444 <\/h5><\/div><\/div><\/div>\t\t\t\t<\/div>\n\t\t\t\t<\/div>\n\t\t\t\t<\/div>\n\t\t\t\t<\/div>\n\t\t\t\t<\/div>\n\t\t\t\t<\/div>\n\t\t<div class=\"elementor-element elementor-element-5a5eb10 e-flex e-con-boxed e-con e-parent\" data-id=\"5a5eb10\" data-element_type=\"container\" data-e-type=\"container\">\n\t\t\t\t\t<div class=\"e-con-inner\">\n\t\t\t\t<div class=\"elementor-element elementor-element-e1396e4 elementor-widget elementor-widget-spacer\" data-id=\"e1396e4\" data-element_type=\"widget\" data-e-type=\"widget\" data-widget_type=\"spacer.default\">\n\t\t\t\t\t\t\t<div class=\"elementor-spacer\">\n\t\t\t<div class=\"elementor-spacer-inner\"><\/div>\n\t\t<\/div>\n\t\t\t\t\t\t<\/div>\n\t\t\t\t\t<\/div>\n\t\t\t\t<\/div>\n\t\t\t\t<\/div>\n\t\t","protected":false},"excerpt":{"rendered":"<p>\u00dcber uns Die K\u00fchlzellenexperten bei denen technisches Know-How auf Kundenn\u00e4he trifft Mit \u00fcber 20 Jahren Erfahrung in K\u00fchlzellenbau und K\u00e4ltetechnik bringt das Team der AGP-Cool.Ing enorm viel technisches Know-How, Erfahrung und Kundenn\u00e4he mit. Von der ersten Kontaktaufnahme bis zur Abnahme stehen N\u00e4he und Vertrauen im Mittelpunkt. \u201cHandschlag\u00adqualit\u00e4t\u201d wird bei uns gro\u00dfgeschrieben. Langfristige Partnerschaften durch bedarfsorientierte [&hellip;]<\/p>\n","protected":false},"author":1,"featured_media":0,"parent":0,"menu_order":0,"comment_status":"closed","ping_status":"closed","template":"","meta":{"footnotes":""},"class_list":["post-196","page","type-page","status-publish","hentry"],"_links":{"self":[{"href":"https:\/\/agp.cool\/index.php?rest_route=\/wp\/v2\/pages\/196","targetHints":{"allow":["GET"]}}],"collection":[{"href":"https:\/\/agp.cool\/index.php?rest_route=\/wp\/v2\/pages"}],"about":[{"href":"https:\/\/agp.cool\/index.php?rest_route=\/wp\/v2\/types\/page"}],"author":[{"embeddable":true,"href":"https:\/\/agp.cool\/index.php?rest_route=\/wp\/v2\/users\/1"}],"replies":[{"embeddable":true,"href":"https:\/\/agp.cool\/index.php?rest_route=%2Fwp%2Fv2%2Fcomments&post=196"}],"version-history":[{"count":24,"href":"https:\/\/agp.cool\/index.php?rest_route=\/wp\/v2\/pages\/196\/revisions"}],"predecessor-version":[{"id":812,"href":"https:\/\/agp.cool\/index.php?rest_route=\/wp\/v2\/pages\/196\/revisions\/812"}],"wp:attachment":[{"href":"https:\/\/agp.cool\/index.php?rest_route=%2Fwp%2Fv2%2Fmedia&parent=196"}],"curies":[{"name":"wp","href":"https:\/\/api.w.org\/{rel}","templated":true}]}}